hat is l(-8)?
-5
Suppose 102 = 12*s - 6. Let m(a) = -a**2 + 7*a + 13. What is m(s)?
-5
Let x(g) = -2*g + 3. Let y(l) be the third derivative of l**5/60 + 7*l**4/8 + 11*l**3/2 + 53*l**2. Let h be y(-19). What is x(h)?
13
Let q(u) = -4*u - 26. Let k be (2 + 3*84/(-54))*3. Give q(k).
6
Let j(u) = 0*u - u - u - 2. Let s(z) = -2*z + 5*z + 12 + 2*z - 3*z. Let l be s(-7). Determine j(l).
2
Let l = -516 + 515. Let q(n) be the second derivative of n**3/3 + n. Calculate q(l).
-2
Let u = 2190 + -2184. Let v(t) = 15*t - 87. What is v(u)?
3
Let d(j) be the first derivative of -7*j**4/2 + 4*j**3/3 + 2*j**2 + j + 78. Determine d(-1).
15
Suppose -5*l + 25 = -0. Let z be 12 + -5 + 0 + (0 - 1). Suppose 2*s - 12 = y - s, -l*y - 3*s - z = 0. Let k(r) = -2*r - 4. Calculate k(y).
2
Let o(h) = h - 1. Let t(s) = -23*s + 21. Let x(v) = 15*v - 14. Let u(d) = 5*t(d) + 8*x(d). Let g(w) = -35*o(w) + 5*u(w). Determine g(-1).
10
Let w(d) = -3*d**2 + 2*d + 7. Let q be w(2). Let i(s) = 3*s**2 - s - 2. Calculate i(q).
2
Let v(n) = -n**2 + 9*n - 10. Let f = 7 - 4. Suppose f*h = 4*r + 16, -h = 3*h + 4*r + 16. Suppose h = -2*u + 4*u - 14. Calculate v(u).
4
Let j(d) = 5*d + 5. Let r(z) = -1. Let q(v) = -j(v) - 4*r(v). Suppose -3*l = 4*u - 13, 4*l + 2*u - 9 = -5. Give q(l).
4
Let j(w) = 8*w**2 + 0 + 2*w**3 - 3*w**3 - 2 - 9. Determine j(8).
-11
Suppose 65 = 5*a + 4*s, -5*a + 0*s + 75 = 2*s. Let u(i) = 40*i. Let d be u(1). Let r(t) = -d - t + 28 + a. Determine r(3).
2
Let t(h) = -4*h**2 + h**3 - 2*h**2 - 1 + 3*h**2 + 3*h. Determine t(2).
1
Let v(j) = -35*j + 32. Let t(q) = 29*q - 31. Let n(l) = 7*t(l) + 6*v(l). Give n(-5).
10
Let n = -78 + 106. Let x(i) = i**2 + 3*i + 7*i - n*i + 11*i. Determine x(7).
0
Let k(z) = 4962*z - 9936*z + 34 + 4963*z. Determine k(3).
1
Let i(y) be the second derivative of -y**3 + y**2/2 + 4*y. Suppose -4*b = -5*b - 1. Calculate i(b).
7
Let s = -153 + 147. Let l(o) = 2*o**2 + 5*o - 1. What is l(s)?
41
Let h(q) = 4*q + 0*q - 3*q + 0*q - 6. Calculate h(-5).
-11
Let o(r) = -r**2 + 3*r + 9. Let t(k) = 2*k**2 - 5*k - 17. Let w(d) = 5*o(d) + 3*t(d). Let g be 4/(-18) - (-6)/27. Calculate w(g).
-6
Suppose 122*h - 106*h - 32 = 0. Let x(k) = 3*k + 9. Determine x(h).
15
Suppose -4*f + 4*l + 36 = -2*f, -f + 3*l + 18 = 0. Let n(j) = j**2 - 18*j + 1. Let p be n(f). Let h(g) = -2*g - 1. Determine h(p).
-3
Let y(a) = 150*a + 137*a - 286*a - 3 + 1. Give y(2).
0
Let z(t) = -t**2 - 11*t + 16. Let f be (-2)/(-10) - (-528)/(-40). What is z(f)?
-10
Let w = -9463 - -9466. Let h(o) = -o**2 + 5. Let b be (-1)/2*(-3 - -1). Let q(j) = 1. Let k(n) = b*h(n) - q(n). Determine k(w).
-5
Let g(f) be the second derivative of 0 + 3/4*f**4 - 32*f + 11/2*f**2 - 1/20*f**5 - 5/3*f**3. Determine g(8).
-5
Suppose -152 + 762 = -5*b. Let z = b + 119. Let o(k) be the third derivative of k**4/24 + k**3/3 - k**2. Determine o(z).
-1
Let y be ((-12)/(-15))/(2/5). Let q(z) = 14*z**2 - 4*z**2 - 4*z - 1 - 9*z**2. Determine q(y).
-5
Let s(i) = -i - 3*i**3 + i**2 + 1 + 14*i**3 + 5*i**3. What is s(1)?
17
Let n(t) = t - 1. Suppose 2*p = 2*p + 5*p. Let i(o) = o**3 + o**2 + 3*o + 8. Let x be i(p). Calculate n(x).
7
Let d(i) be the second derivative of i**5/20 + 5*i**4/6 + i**3/6 + 4*i**2 - 8*i + 3. Determine d(-10).
-2
Let v be 2 + 1 + -5*9/(-15). Let r(j) = -2*j + v - 6 + 1 + 2. Give r(2).
-1
Suppose -2*n - 65 = -n - 2*g, 0 = 3*n - 4*g + 195. Let u = n - -58. Let p(f) = -f. What is p(u)?
7
Let u(w) be the first derivative of 3*w**2/2 - 9*w - 190. Calculate u(2).
-3
Let t(r) = -1 + 0*r + 5*r + 2 - r**3 - 4*r. Give t(2).
-5
Let d(o) = -48*o**2 + 23*o**2 + 17*o**2 - 4 + 5 + o**3. Let x(g) = 0*g**3 + 4*g**3 + 7*g**2 + 8 - 2*g**3 + 6*g - g**3. Let z be x(-6). Calculate d(z).
1
Let m(v) = -v**2 + 6*v - 8. Let n be m(6). Let u = n + 5. Let k(b) = -42954*b**3 - 4*b + b**2 - 2 + 2*b - b**2 - 4*b**2 + 42953*b**3. Calculate k(u).
-5
Let a(s) = s**2 + 4*s - 5. Let c be a(-6). Let p(t) = t**3 + 85*t - 8 - 157*t + 67*t - 6*t**2. Give p(c).
6
Let d(z) be the second derivative of -3/20*z**5 - 11*z + 1/12*z**4 + 0*z**3 + 0*z**2 + 0. Let t be (-2 - (-3 - -2)) + 2. Determine d(t).
-2
Let t(w) = 5*w**2 - 4*w**2 + w - 28 + 4*w - w - 14*w. Determine t(12).
-4
Let p(v) = 12*v**2 - 7*v - 9. Let m(c) = 17*c**2 - 10*c - 13. Let z(h) = -5*m(h) + 7*p(h). What is z(2)?
0
Let u(c) = -c**3 - 9*c**2 + 2*c + 5. Let a = -367 + 358. Give u(a).
-13
Let j(v) = 12*v + 7. Let a(t) = t. Let f(q) = -4*a(q) + j(q). Calculate f(-6).
-41
Suppose 21 = -o + 24. Suppose o*c - 36 = -0*c. Let s = c + -7. Let r(g) = g - 7. Give r(s).
-2
Suppose -5*z + 23 = -2. Let a(v) = 4*v**2 + 3*v + 11. Let j(b) = -7*b**2 - 7*b - 21. Let l(p) = z*a(p) + 3*j(p). Let t be 5/(-10) + 11/(-2). Determine l(t).
-8
Let p(g) be the third derivative of g**6/120 - g**5/15 - 5*g**4/24 - g**3/6 - 4*g**2. Let y = 948 - 943. Determine p(y).
-1
Let w(p) = 2*p**3 + 16*p**2 + 27*p + 8. Let q be w(-6). Let f(s) = s**3 + 10*s**2 + s + 8. Give f(q).
-2
Let c be (60/24)/((-1)/(-2)). Let i(b) be the third derivative of b**4/12 - b**3/6 - 3*b**2. Let t be i(c). Let f(z) = -z + 4. Determine f(t).
-5
Let v be 2/(-4)*(-18)/(-9). Let s(n) = n - 1. Let h(m) = 1. Let l(i) = v*s(i) - 2*h(i). Let k = 0 - 0. What is l(k)?
-1
Let u(o) = -o**2 + 5*o - 2. Let m = 53 + -43. Let c be 5 - ((-2)/m - (-33)/15). What is u(c)?
4
Let l(m) = 6*m - 21. Let z(q) = -2*q + 1. Let r(o) = -l(o) - 4*z(o). Determine r(-11).
-5
Let t = 23589 - 23585. Let z(r) = 4*r**2 + 2 - r**3 + 2 + r - 2*r. Determine z(t).
0
Let p(s) be the third derivative of 0*s + 8*s**2 - 1/720*s**6 + 0*s**3 + 1/24*s**4 - 1/60*s**5 + 0. Let y(o) be the second derivative of p(o). Give y(5).
-7
Let z be -1 - (-4)/6*27/6. Suppose 0 = -5*u - z*u - 7. Let w(s) be the first derivative of -s**3/3 - s - 1. Give w(u).
-2
Let q(t) = 133*t - 2 - t**3 - 271*t - t**2 - 6*t**2 + 135*t. What is q(-3)?
-29
Let w(j) = -4*j**2 - 3*j + 8*j + 5*j**2 + 2. Let c be w(-5). Let m(l) = -12*l + 8*l**3 - 2 + c + 13*l - 2*l**2. What is m(1)?
7
Let o(c) = -2*c**2 - 61*c + 26. Let i be o(-31). Let p(m) = -23*m - 26. Let g(u) = 8*u + 9. Let s(v) = -17*g(v) - 6*p(v). Determine s(i).
-7
Let i(t) = 3*t**2 + 2*t**2 - 6*t**2 + 142*t - 143*t + 2. Give i(3).
-10
Let l = -101 + 109. Suppose -2*r = -2*b - 0*r - l, -20 = 5*b + 3*r. Let t(s) = -s**2 - 6*s - 2. Give t(b).
6
Let w(r) = -r**3 - r**2 - r - 1. Let g(y) be the third derivative of -y**5/60 + 3*y**3/2 - 14*y**2. Let b be g(3). Calculate w(b).
-1
Let d(f) = -f**3 + 5*f**2 + 3*f - 3. Let a = 79 - 74. Give d(a).
12
Let b(v) = -32*v**2 - v - 2. Let m(j) = 10*j + 529. Let w be m(-53). What is b(w)?
-33
Let k(p) = 10*p**3 - 5*p**2 + p. Let l(f) = -3*f**3 + f**2 + 1. Let a(v) = -k(v) - 3*l(v). Determine a(3).
-15
Let z = 111 - 105. Let o(t) = t**3 - 7*t**2 + 5*t. Determine o(z).
-6
Let n(p) = 5*p - 3. Let s(g) be the third derivative of 0 - 9*g**2 - 7/12*g**4 + 0*g + 5/3*g**3. Let r(q) = 17*n(q) + 6*s(q). Give r(-4).
5
Let a(r) = 11*r - 1. Let n be a(1). Let q be (-2 - 0)/(5/n). Let p(u) = u**3 + 3*u**2 - 4*u. Calculate p(q).
0
Suppose -31*f + 26*f - 4*l = 4, 4*f - l = 1. Let d(a) = a**3 - a**2 + 3. What is d(f)?
3
Suppose 0 = 2*h + 5*b - 14, -2*h + b - 3*b = -8. Suppose -v + 5 = -h*s, 0*v = -s - v + 2. Let z(i) = -4*i. Calculate z(s).
4
Let h(a) = -4*a + 10. Let b = -4 + 9. Let l(d) = -3*d + 7. Let i(c) = b*h(c) - 7*l(c). Give i(7).
8
Let k(w) = -w**2 + 8*w. Let a be 1*(-3)/4*-4*1. Suppose f + 16 = 2*f + 4*p, -a*f + 20 = -2*p. Calculate k(f).
0
Let m(n) = -3*n + 26. Let s(j) = -4*j**2 - 31*j - 15. Let t be s(-7). Determine m(t).
8
Suppose -4*a + 7 = d, d - a - 4*a = -11. Let u = -1 + d. Let v(z) = 6*z + 6. Let t(s) = -2*s - 2. Let p(j) = -17*t(j) - 6*v(j). What is p(u)?
2
Let u(c) = c**2 + 5*c + 4. Suppose 0 = -3*k + 2*o - 26, o - 5 = -2*k - 13. Determine u(k).
10
Let i(l) be the first derivative of 13*l**4/12 + l**2/2 + l - 3. Let k(a) be the first derivative of i(a). What is k(1)?
14
Let y(g) = -5*g - 7. Let x(a) = 4*a + 8. Let t(n) = 2*x(n) + 3*y(n). Let l(m) = 0 + 9*m + 6*m + 0 - 3 - 19*m. Let q(i) = 5*l(i) - 3*t(i). What is q(-6)?
-6
Let y(q) = 8*q - 5. Let m = 414 + -419. Give y(m).
-45
Let p(l) be the second derivative of -l**6/720 + l**5/40 + 17*l**4/12 - l**3/3 + l - 13. Let s(q) be the third derivative of p(q). Calculate s(1).
2
